10056 + -9994. What is the remainder when t is divided by 35?
27
Let l = 68 - 38. Suppose 0*z = 9*z + 36. Let h(t) = -29*t. What is the remainder when h(z) is divided by l?
26
Let r(m) = -15*m - 3. Suppose 0 = 4*f - 4*y - 15 - 1, 4*y + 18 = 2*f. Let v be r(f). Calculate the remainder when 55 is divided by (14/(-3))/((-74)/v - -6).
27
Let b(v) = -v**3 + 7*v**2 + 8*v - 8. What is the remainder when 221 is divided by b(5)?
57
Suppose -6*m - 18 = -3*m. What is the remainder when 50 is divided by (m - -1) + (-88)/(-4)?
16
Calculate the remainder when -7 + ((-2 - 6) + 4)/((-2)/193) is divided by 2.
1
Suppose 3*t = -5*w + 127, -5*t - 74 = -2*w - 17. Let x(h) = 11 - h**3 + 10*h**2 - 22*h - 31 + w. What is the remainder when x(6) is divided by 8?
2
What is the remainder when 298 is divided by (-3)/(-3)*1*-1 - (-173 - -112)?
58
Let y = -6217 + 6400. What is the remainder when 743 is divided by y?
11
Suppose 3*y - 30 = -2*y - 5*m, -3*y = -3*m - 6. Suppose -342 = -y*g - 34*g. Calculate the remainder when 228 is divided by g.
3
What is the remainder when 1004 is divided by (-994 - -826)/(2/9*-3)?
248
Let b = -245 + 249. Suppose 4*c = -b*a + 112, c = -a + 4*a + 48. Calculate the remainder when 95 is divided by c.
29
Suppose 24*n - 22*n + 14*n = 736. What is the remainder when n is divided by 36?
10
Let k be 3/1 + (-62)/4*-2. Let h = -14 + k. Suppose -4*r = -4*i - 24, 5*r + 4*i = -9 + 12. What is the remainder when h is divided by r?
2
Let o be 28*((-260)/(-80) + (-3)/1). Suppose -333 = -o*r - 109. Calculate the remainder when r is divided by 7.
4
Let w = -5481 - -6226. What is the remainder when w is divided by 35?
10
What is the remainder when 225 is divided by 380/7 + ((-1)/7 - 3/21)?
9
Let g be 149/7 - 6/21. Let n be (-891)/216 + 1/8. Let i = g - n. Calculate the remainder when i is divided by 7.
4
Suppose -109 - 120 = -2*s - 5*y, s - 4*y = 121. Suppose -3*m + 198 = 3*l, -5*m + 7*m + 108 = 2*l. Calculate the remainder when s is divided by l.
57
Let w = 134 + -114. Suppose w = -2*g + 66. Calculate the remainder when 58 is divided by g.
12
Suppose 2214 = -100*v + 8414. Suppose -r + 21 = 2*p, 4*r + 5*p = -0*r + 84. Calculate the remainder when v is divided by r.
20
Let b(a) = -39*a**2 - 377*a - 27. What is the remainder when 774 is divided by b(-9)?
153
Calculate the remainder when 147 is divided by ((-162)/(-99) - 2)*(-77)/7.
3
Let k = 948 - 943. Suppose -2*q - 835 = -k*l + 1447, 0 = -l + 4*q + 460. Calculate the remainder when l is divided by 51.
48
Suppose k - 766 = 5*m, 4*m + 4*k = -442 - 190. Let o = -84 - m. Suppose 4*g - 36 = 2*g. Calculate the remainder when o is divided by g.
16
Let m(c) be the second derivative of -c**5/20 + 2*c**4/3 + c**3/6 - 5*c**2/2 - 2*c. Let d(w) = 38*w - 860. What is the remainder when d(23) is divided by m(8)?
2
Let s be (2 - 0)/(4*3/(-258)). Let i = 45 + s. Calculate the remainder when 159/i*(-24)/(-36) is divided by 7.
4
Suppose -3*c + 0*i = 4*i + 246, c - i = -82. Let f = 99 + c. Calculate the remainder when 19 is divided by f.
2
Let r be (46/(-8) - -6)/((-2)/(-56)). Suppose -r*u - 74 + 193 = 0. What is the remainder when 33 is divided by u?
16
Let u = 23339 + -23126. Calculate the remainder when u is divided by 65.
18
Let y be (28/(-1))/(-4) + 0. Suppose -12 = y*k - 117. What is the remainder when k is divided by (-11)/((-2)/(10 + -8))?
4
What is the remainder when 70/(-14) + 107 + 1 is divided by (2 - (2 - -1))/(2/(-56))?
19
Let w be (6/4)/((-18)/(-60)). Suppose 21*k - 26*k - w*m + 225 = 0, -2*m = 4*k - 174. Calculate the remainder when 503 is divided by k.
41
Let w(u) = u + 163. Calculate the remainder when w(0) is divided by 66.
31
Let v = 122 - 258. Calculate the remainder when v/102 + (-3)/((-18)/212) is divided by 6.
4
Let i = -5170 - -5862. Calculate the remainder when i is divided by 46.
2
Suppose 3*x = 2*j - 4432, -5*x + 600 + 1577 = j. What is the remainder when j is divided by 732?
11
Suppose 0 = r + 4*t + 337 - 949, 5*t = 2*r - 1263. Suppose -r - 136 = -19*l. What is the remainder when l is divided by 22?
18
Let g(b) = b**3 + 32*b**2 + 12*b + 113. Calculate the remainder when g(-18) is divided by 153.
149
Let c = 105 + -178. Let b = c - -68. Calculate the remainder when 70 - ((-15)/b - 2) is divided by 8.
5
Let f(c) = -4*c + 88. Let q be f(16). Suppose 20*o = q*o - 44. What is the remainder when 273 is divided by o?
9
Let a(k) = -3 - 17 - 8 - 21 + 17 - 4*k. Let j be -19 - 0 - (-5 + 6). What is the remainder when a(j) is divided by 7?
6
Let q = -2866 - -3090. Calculate the remainder when q is divided by (-29 - 0)/(2/(-4)).
50
Calculate the remainder when 118 is divided by 2/(-6)*4 + 578/51.
8
Let s(w) = w**3 - 3*w**2 + 3*w - 22. Let v be s(6). Let x = 110 - v. What is the remainder when 22 is divided by x?
4
Let q(s) = s**3 + s**2 + 2*s + 97. Let w be q(0). Let n = -90 + w. Calculate the remainder when 294/8 - 1/(-4) is divided by n.
2
Let i = 96 + -55. Let w(q) = -q**2 - 5*q - 3. Let m be w(-5). Let u(x) = -8*x**3 + 4*x - 1. What is the remainder when u(m) is divided by i?
39
Suppose -4 = -2*i - x, -25*i + 43 = -20*i - 3*x. What is the remainder when 5812 is divided by i?
2
Suppose -18*i - 8440 = -22*i - 36*i. What is the remainder when i is divided by 86?
39
Suppose 0 = 3*j + 3*y - 111, -49*j + 44*j - 4*y = -180. What is the remainder when 223 is divided by j?
31
Calculate the remainder when 466 is divided by -1 - 220/(-6) - 57/(-171).
34
Let f = -2123 + 2483. Calculate the remainder when f is divided by 4.
0
Suppose 43 = 15*z - 32. Suppose -z*v - 99 = -5*i - 3*v, -2*i - v = -36. Suppose 8*j = 10*j - 104. What is the remainder when j is divided by i?
14
Let r be (-1)/(66/(-63) - -1). Let v = 35 - r. Suppose 5*c = -15*c + 1000. Calculate the remainder when c is divided by v.
8
Let f = -1013 - -1061. Suppose l = -4*u, l - 19 = -3*u + 5*l. Suppose 3 + u = -n, 0 = j + 5*n + 13. Calculate the remainder when f is divided by j.
6
Suppose -5*a - 29*v + 10 = -24*v, 2 = -v. Suppose -a*l + 0*l - 552 = -2*d, 1310 = 5*d + 4*l. What is the remainder when d is divided by 9?
5
Let s = -2164 + 5258. Calculate the remainder when s is divided by 18.
16
Let o = -18691 + 18976. Calculate the remainder when o is divided by 268.
17
Suppose 0 = 2*v - 10, -21 + 4 = 2*o - 5*v. Let f be (5 + -9)*1/(-2). Suppose 2*w = -f*w + 60. Calculate the remainder when w is divided by o.
3
Let s(x) = 1056*x**3 + 44*x**2 - 44*x. What is the remainder when s(1) is divided by 344?
24
Let f be 3/((3 - 1) + -1). Suppose -5*s - 5*v + 5 = 0, -f*v = -s - 4*s + 5. Calculate the remainder when 108 is divided by (-2 + s)/(1/(-22)).
20
Let p be -47 + 1 + 1*-2. Suppose -63*s + 70*s + 252 = 0. Let q = s - p. What is the remainder when 20 is divided by q?
8
Let r(n) = 31 - 3 - 2*n + 0*n + 9. Calculate the remainder when r(17) is divided by (-14)/(-6) - 2/6.
1
Let o(x) = 76*x - 16. Let i(u) = u**2 + 6*u + 3. Let z be i(-4). Let d(f) = -f**3 - 3*f**2 + 7*f + 6. Calculate the remainder when o(1) is divided by d(z).
18
Let i(n) = 2*n**3 + 109*n**2 - 113*n + 20. What is the remainder when i(-55) is divided by 51?
48
Let i = 571 - 567. Suppose -i*d + 3 = -33. Calculate the remainder when 26 is divided by d.
8
Let k = 252 + -344. Let q = k - -130. What is the remainder when 75 is divided by q?
37
Let n be (-1424)/(-12) + (12/(-9))/(-1). Suppose -2*s + 36 = 3*h - 30, -4*s - 3*h + n = 0. Calculate the remainder when 209 is divided by s.
20
Let k(w) = -996*w**3 + w**2 - 1. What is the remainder when k(-1) is divided by 40?
36
Let u(l) = -3*l**3 + 43*l**2 + 29*l + 30. Suppose -56 = -h - 0. What is the remainder when h is divided by u(15)?
11
Let w = -62 + 67. Suppose 3*f = f + w*t + 30, -4*t = -f + 21. Suppose f*q = -3*z + 69, z = 4*q - 2*q + 23. What is the remainder when z is divided by 12?
11
Suppose -4 = -2*l, 2*n - 7*n - 2*l - 886 = 0. Let u = n + 275. Let w = -6 - -26. Calculate the remainder when u is divided by w.
17
Let w(p) = 3*p**2 + 3*p + 5. Let j(t) = 3*t**2 + 14*t + 6. Let y be (2/3)/((-6)/36). Let v be j(y). What is the remainder when 30 is divided by w(v)?
8
Suppose -3*m - 4*p + 327 = 0, -4*m = -103*p + 107*p - 432. What is the remainder when 42/m + (-2816)/(-10) is divided by 57?
54
Suppose 43*i - 46*i = -24. Let b(o) = 4*o**2 - 21*o + 13. Calculate